ose -5*r = 3*z + 11, -13 = 2*r + 2*r + z. What is the remainder when d is divided by -4*2/r - -10?
11
Suppose -3*y + 5*p + 52 = 0, -p = -2*y + 1 + 22. What is the remainder when 52 is divided by y?
7
Suppose 15 = 5*o + 5*b, b + 1 + 5 = 2*o. Let d(x) = x**3 - x**2 - 6*x + 4. Let p be d(o). Let j(r) = 19*r + 1. What is the remainder when j(p) is divided by 20?
17
Suppose -2*m = -5*p + 2627 - 79, -2*p + 1025 = 5*m. Suppose -3*a + p = 2*a. What is the remainder when a is divided by 26?
24
Let d = -108 - -111. What is the remainder when 16 is divided by d?
1
Let h = -426 - -896. What is the remainder when h is divided by 157?
156
Let r be (-32)/(-40) + (-42)/(-10) + 0. Suppose 2*j = -5*q + 5 + 59, 2*j - r*q - 24 = 0. Calculate the remainder when 78 is divided by j.
12
Let a(n) = -n + 8. Let v be a(6). Suppose 3*g - 3*q = -v*g - 51, -5*g - 3*q = 39. What is the remainder when 11/((-12)/g + -1) is divided by 12?
9
Suppose 2*v + 12 = 4*v. Suppose 21 = -k + 42. Let w = -6 + k. What is the remainder when w is divided by v?
3
Let a(j) = -12*j + 123. Let n = -4 - -10. Calculate the remainder when n is divided by a(10).
0
Let d be (11/(3/(-3)))/1. Let t = 43 + -32. Calculate the remainder when -1 + t/(d/(-24)) is divided by 6.
5
Let x(w) = -w**3 + 35*w**2 - 2*w + 39. Let p be x(35). Suppose -3*h - 45 = -4*h. Let j = h + p. What is the remainder when 67 is divided by j?
11
Let k = -35 + 41. What is the remainder when 65 is divided by 6/9 + 134/k?
19
Let q = -1735 + 2503. Calculate the remainder when q is divided by 77.
75
Let b = 23 - 9. What is the remainder when 0 + -1 - (21 - 4)*-4 is divided by b?
11
Suppose 0 = -2*p - 4*q + 516, 0*q + 1047 = 4*p + 5*q. What is the remainder when p is divided by 56?
44
Suppose o - 215 = -4*o. Let w(g) = -2*g - g - 49 + 45. What is the remainder when o is divided by w(-5)?
10
Let r(t) = 9*t - 6. Let m(f) = -27*f + 19. Let o(s) = 2*m(s) + 7*r(s). What is the remainder when 25 is divided by o(2)?
11
Let b(k) = -7*k**2 - 39*k - 1. Calculate the remainder when 204 is divided by b(-5).
14
Let v(s) = s**3 - 3*s**2 + 7. Let o be v(5). Suppose -t = 4*y - o, 5*t - 4*y = t + 128. Calculate the remainder when 145 is divided by t.
34
Suppose 0 = -4*g + 3*g + 8. Suppose 2*w = 284 - 242. What is the remainder when w is divided by g?
5
Suppose 6*p - 9 = 3*p. Suppose 0 = p*u + u - 20. Let n = -2799 - -2803. Calculate the remainder when u is divided by n.
1
Let w(r) = 2*r - 5. Let v be w(7). Let b(n) = -n**3 + 8*n**2 + 12*n - 7. What is the remainder when 37 is divided by b(v)?
17
Suppose -2*v = -v + h, -5*h = -5*v. Suppose 2*t - 8 = -v*t. What is the remainder when 14 is divided by t?
2
Calculate the remainder when 426 is divided by (30 - -3)*(1 + (2 - 2)).
30
What is the remainder when 1024 is divided by ((-54)/8)/((-6)/16)?
16
Let y = -22813 - -22899. Let m(l) = -2*l**2 - 32. Let i(g) = g**2 + 1. Let t(z) = -3*i(z) - m(z). Calculate the remainder when y is divided by t(0).
28
Let h(q) = -q**3 + 20*q**2 - 15*q + 27. What is the remainder when h(19) is divided by 15?
13
Suppose -84 = -4*d + 4. What is the remainder when 68 is divided by d?
2
Let t(o) = 3*o**3 - 2*o**2 - 6*o + 4. Let r = 3 + 10. What is the remainder when t(3) is divided by r?
10
Let g be 3 + 0 + ((-4)/1 - -256). Suppose -3*u - 2*u + g = 0. Calculate the remainder when u is divided by 20 - -1*2*-1.
15
Let n(z) = -10*z + 42. Let k be n(12). Let q = k + 79. Let a = 8 - 5. What is the remainder when a is divided by q?
0
Suppose -3*i + 5*a + 325 = 0, -37*i + 36*i - 2*a + 90 = 0. What is the remainder when 399 is divided by i?
99
Suppose 0 = d - 2*y - 29, y = -3*d - 0*y + 73. Suppose -5*k = -8*k + 297. What is the remainder when k is divided by d?
24
Let m be (-4 + (3 - 2))/(-1). Suppose 4*c = 2*p - 136, 4*p + 2*c + m = 315. What is the remainder when p is divided by 11?
10
Let m = -51 - -95. Suppose 0 = 3*x - 197 + m. Calculate the remainder when x is divided by 5*26*(-2)/(-10).
25
Let m = 493 - 373. What is the remainder when 459 is divided by m?
99
Let v(y) = -y**2 - y + 1. Let a be v(-2). Calculate the remainder when (-79104)/(-720) + ((-13)/15 - a) is divided by 38.
34
Suppose 0 = 2*l - 5*s - 115, -l - 4*l = -5*s - 280. Let g be 6*3/9 + l. What is the remainder when 7 is divided by 209/g + (-2)/3?
1
Suppose 6*n = -12*n + 1296. What is the remainder when 142 is divided by n?
70
Suppose 0 = 9*x - 160 + 16. Suppose 2*d + 3*m - 50 = 0, -8*d + 7*d + 25 = 2*m. What is the remainder when d is divided by x?
9
Let b = 85 - 83. Suppose n - b*r = -r, 4*r + 1 = 5*n. Let y = -1 + 2. What is the remainder when n is divided by y?
0
Let d(f) = -f - 5. Let h be d(-2). Suppose 2*m - 5*a = -7, -30 = -4*m - 3*a - 5. Calculate the remainder when h/(-1*15/65) is divided by m.
1
What is the remainder when -3*12/9 + 33 is divided by 6?
5
Let l = 504 + -468. What is the remainder when 395 is divided by l?
35
Let o = -2298 + 2440. Calculate the remainder when 987 is divided by o.
135
Let q be -36 - (-12)/(-20)*5. Let z = 67 + q. Calculate the remainder when z is divided by 10.
8
Let o = 35 - 30. Calculate the remainder when (6/(-15))/((-1)/30) is divided by o.
2
Suppose 4*d = 11*d - 287. Calculate the remainder when 91 is divided by d.
9
Let m be (-20)/(-50)*(0 + -5). Calculate the remainder when m/(3 - 299/99) is divided by 25.
24
Let t(n) = n + 3. Let f be t(7). Let x(d) = d - 1. What is the remainder when x(f) is divided by -4 - (-7 + 3) - -4?
1
Let g be 4/(-2) - (1*-70 + 2). Suppose 0 = m - f - 22, -4*m - 4*f + g = -30. Calculate the remainder when m is divided by 15.
8
Let v = -2537 + 2557. Calculate the remainder when 50 is divided by v.
10
Suppose 2*x = -5*w + 17, -2 = -x + 25*w - 21*w. Calculate the remainder when 86 is divided by x.
2
Let o be (-57)/(-5) + 6/10. Calculate the remainder when 62 is divided by 168/10 + o/(-15).
14
Suppose 39*j - 36*j - a = 406, 5*j = 4*a + 665. What is the remainder when j is divided by 27?
2
Let n(l) = 6*l - 4. Let s be n(-2). Let m be (-2)/s - (-100)/(-32). What is the remainder when 13 is divided by (4 - 0)/(m/(-6))?
5
Suppose 0 = -5*q + 2*m + 10, -2*q - 2*q + 15 = -3*m. Suppose q = i + 4, -5*i = -j + 9 + 202. What is the remainder when j is divided by 16?
15
Suppose 0*o + o - 4*h = -10, -28 = o + 2*h. Let f = 84 + o. Suppose 3*q + 80 = -4*m + 233, -m + f = -4*q. Calculate the remainder when m is divided by 15.
12
Let z(l) be the third derivative of l**4/24 - 3*l**3/2 - 4*l**2. Let p be z(11). Suppose -p*m = -0*m - 16. What is the remainder when 14 is divided by m?
6
Let x = -35 + 55. What is the remainder when 51 is divided by (1 + (-44)/x)/((-2)/15)?
6
Let q = 1492 + -1348. What is the remainder when q is divided by 142?
2
Let a be 21/9 - (8/(-3) - -2). Let g = a - -30. What is the remainder when 130 is divided by g?
31
Let i(t) = t**2 + 6*t + 5. Let m be i(-6). Suppose -m*d + 63 = 2*d. Calculate the remainder when 14 is divided by d.
5
Suppose 1944 = -4*c + 10*c. What is the remainder when 0 + (-4)/18 - (-19836)/c is divided by 13?
9
Suppose 10 + 2 = -3*g. Calculate the remainder when (6/(-8))/(g/48) is divided by (-140)/63 + 2 - 47/(-9).
4
Let j(i) = -i**2 + 7*i - 6. Suppose 12*a - 3*l + 59 = 14*a, -3*l = -15. What is the remainder when a is divided by j(4)?
4
Let i(t) = t**3 + 5*t**2 - 6*t - 8. Let g be i(-5). Suppose 0 = -5*h + g*h - 799. Calculate the remainder when 187 is divided by h.
46
Let l = -4514 + 4537. Calculate the remainder when 2/2 + -1 + 43 is divided by l.
20
Let t = 120 - 82. Let o = t - 31. Calculate the remainder when 11 is divided by o.
4
Let c be (-1)/(3/2 - 2)*1. Suppose 0 = c*u + 30 - 78. Calculate the remainder when u is divided by 8.
0
Suppose -4*k - 2*q = -128, 5*q - 2*q = -3*k + 99. Suppose n + 6 = 0, 95*r = 90*r + 4*n + 329. Calculate the remainder when r is divided by k.
30
What is the remainder when 62 is divided by (7/((-21)/102))/(-2)?
11
Let p(q) = -15 + 51*q**2 + 15 - q. What is the remainder when p(-1) is divided by 11?
8
Suppose 4*k + 3*d - 9 = 6*d, 2*d - 14 = -4*k. Suppose 2*t = -4*j + 40, -3*t - 8 + 20 = 0. What is the remainder when j is divided by k?
2
Let d be (4 - -1) + -3 - 2. Suppose w - 5 - 26 = d. Calculate the remainder when 58 is divided by w.
27
Let n(d) = -18*d**3 - 3*d**2 + 3*d + 1. What is the